- 34. Calculate l(7).
176
Let x(g) = 14693*g - 58855. Give x(4).
-83
Let i(y) = -5412*y**3 - 811799*y**2 + 153*y + 456. Calculate i(-150).
6
Let j(i) = 11*i**2 + 6387*i + 60538. Calculate j(-571).
12
Let a(o) = 7759715*o - 85356862. What is a(11)?
3
Let m(n) = -3*n**3 + 82*n**2 - 133*n + 148. Determine m(26).
-606
Let h(z) = 4*z**2 + 665*z - 1776. Give h(-170).
774
Let i(u) = 50083*u + 100210. Calculate i(-2).
44
Let w(v) = -553*v + 12382. Calculate w(23).
-337
Let j(z) = 1028*z**2 + 80183*z - 42. Determine j(-78).
36
Let a(m) = 7891*m + 78948. Determine a(-10).
38
Let q(j) = 649*j - 6608. What is q(10)?
-118
Let d(j) = j**3 - 3743*j**2 + 3206029*j + 7254. Give d(2416).
6
Let m(p) = -p**2 + 1843*p - 846527. Calculate m(973).
-17
Let l(h) = 12*h**3 - 112*h**2 + 83*h - 394. Give l(8).
-754
Let u(r) = r**3 + 12*r**2 + 13*r + 113. Determine u(-7).
267
Let v(g) = -40*g**2 + 384*g + 77. What is v(3)?
869
Let p(k) = 2*k**2 + 330*k - 7598. Determine p(-184).
-606
Let u(r) = 4*r**2 + 66526*r + 332547. What is u(-5)?
17
Let j(c) = 4*c**3 - 92*c**2 - 72*c + 1620. Give j(23).
-36
Let t(y) = 7080*y + 1883265. Calculate t(-266).
-15
Let s(a) = 96*a + 8135. Determine s(-92).
-697
Let j(o) = o**2 + 15*o - 4787. Give j(67).
707
Let g(a) = a**3 - 209*a**2 + 7503*a - 1016. What is g(163)?
-201
Let k(c) = c**3 + 352*c**2 + 7031*c + 1667. Determine k(-21).
-13
Let i(r) = -2*r**3 - 463*r**2 + 22*r + 58435. What is i(-231)?
-8
Let n(y) = -2*y**2 - 14863*y + 29728. Calculate n(2).
-6
Let s(g) = -262*g + 10636. Give s(41).
-106
Let d(o) = 274*o + 5996. Determine d(-21).
242
Let g(c) = -28608*c - 2803591. What is g(-98)?
-7
Let p(x) = -10651*x + 276932. Calculate p(26).
6
Let p(c) = 12684*c - 189661. Calculate p(15).
599
Let i(w) = -w**3 - 397*w**2 - 6007*w + 22326. Calculate i(-19).
1
Let b(k) = -2*k**2 - 31*k - 138. What is b(-6)?
-24
Let s(k) = -k**3 + 64*k**2 + 76*k - 181. Give s(65).
534
Let y(j) = 2*j**2 - 1518*j - 94593. What is y(817)?
179
Let h(v) = -15710*v**2 - 172811*v + 15. Calculate h(-11).
26
Let p(s) = -931422*s + 4657112. Determine p(5).
2
Let t(r) = -19*r**2 + 942*r - 182. Determine t(49).
357
Let x(y) = -1396366*y + 16756384. Determine x(12).
-8
Let x(c) = -5901*c - 29777. Determine x(-5).
-272
Let u(r) = -146*r - 8342. Give u(-58).
126
Let z(x) = 14008*x - 98053. Give z(7).
3
Let q(m) = 3*m**3 + 11*m**2 + 5*m + 6. Determine q(-6).
-276
Let g(y) = 20365*y - 264782. What is g(13)?
-37
Let i(x) = -31*x**3 + 5*x**2 - 150*x - 304. What is i(-2)?
264
Let h(v) = -9*v**2 - 202*v - 351. What is h(-20)?
89
Let o(b) = -b**2 - 1544*b - 48381. What is o(-32)?
3
Let s(l) = 6*l**3 - 66*l**2 - 60*l + 12. What is s(13)?
1260
Let s(u) = -3289*u**2 + 328904*u - 237. Calculate s(100).
163
Let d(h) = 2858*h**2 - 457279*h - 146. What is d(160)?
14
Let f(g) = g**3 - 11*g**2 - 4111*g + 37167. What is f(9)?
6
Let q(w) = -71*w**3 + 5326*w**2 - 68*w - 522. Determine q(75).
3
Let q(x) = -x**3 + 33*x**2 - 241*x + 12. Determine q(15).
447
Let l(m) = 286*m + 10581. Determine l(-41).
-1145
Let p(i) = 2*i**2 + 28*i - 1605. Calculate p(24).
219
Let t(k) = k**3 - 79*k**2 + 129*k - 278. Give t(77).
-2203
Let q(x) = -45411*x + 2225258. What is q(49)?
119
Let m(s) = 63*s**3 + 153*s**2 + 418*s - 125. Determine m(-3).
-1703
Let i(q) = 15*q**2 - 72*q - 3. Calculate i(2).
-87
Let l(p) = 8969*p + 17641. What is l(-2)?
-297
Let k(h) = 813*h - 67474. Give k(83).
5
Let x(b) = -b**3 + 28*b**2 + 14*b + 86. Give x(26).
1802
Let z(w) = 5*w**3 + 1047*w**2 - 2740*w + 3239. What is z(-212)?
-153
Let a(u) = -22*u**2 - 1505*u + 8932. Give a(-74).
-170
Let u(s) = -238*s + 3932. Calculate u(15).
362
Let u(j) = 2044*j - 32642. Calculate u(16).
62
Let l(r) = 9*r**2 - 1494*r + 1473. Calculate l(165).
-12
Let f(p) = -102*p**3 + p**2 + 747*p + 2257. Determine f(-3).
2779
Let j(q) = -2*q**2 - 846*q + 61227. What is j(63)?
-9
Let q(r) = -838*r + 5148. Calculate q(6).
120
Let s(b) = 2*b**2 - 96*b - 299. Calculate s(36).
-1163
Let o(c) = 3*c**2 + 3404*c + 20358. What is o(-6)?
42
Let n(p) = -4*p**3 - 1164*p**2 - 17597*p + 772. Determine n(-275).
-53
Let d(i) = -15*i**2 + 773*i + 47. Calculate d(51).
455
Let y(g) = g**3 - 166*g**2 - 3923*g + 87. Calculate y(-21).
3
Let u(i) = 5*i**3 - 131*i**2 - 1997*i + 66. Calculate u(37).
103
Let g(c) = -10*c**2 + 1970*c - 15176. Determine g(8).
-56
Let s(d) = -111*d**2 - 1311*d + 3140. Determine s(2).
74
Let r(j) = -j**2 - 12130*j - 350937. What is r(-29)?
-8
Let q(i) = -65098*i - 585871. Give q(-9).
11
Let o(n) = 16*n + 408. What is o(-1)?
392
Let u(i) = -i**3 - 27*i**2 + 376*i + 211. Calculate u(-37).
-11
Let d(i) = -2944*i - 8825. Determine d(-3).
7
Let w(t) = -98*t + 5267. Determine w(68).
-1397
Let v(l) = 24*l**2 + 115981*l - 347935. Calculate v(3).
224
Let k(m) = -43882*m - 833729. Determine k(-19).
29
Let o(v) = -v**2 - 607*v - 85485. Give o(-385).
-15
Let w(v) = 4*v**2 + 701*v + 20789. Determine w(-38).
-73
Let r(y) = -10477*y + 10487. Give r(1).
10
Let r(m) = m**3 + 31*m**2 + 42*m - 334. What is r(-28)?
842
Let k(l) = -5233*l + 350612. Calculate k(67).
1
Let n(u) = 2*u**2 + 348*u + 15024. Determine n(-79).
14
Let x(m) = m**2 + 17*m - 490. What is x(10)?
-220
Let q(v) = 212*v - 2290. Give q(9).
-382
Let a(s) = 9426*s + 18881. Determine a(-2).
29
Let s(k) = 4916091*k + 29496559. Give s(-6).
13
Let u(n) = -1714*n + 71962. What is u(42)?
-26
Let y(d) = 5*d**2 - 14471*d + 72314. Determine y(5).
84
Let q(b) = -165020*b - 1155142. Determine q(-7).
-2
Let k(b) = b**3 + 12*b**2 - 113*b - 1641. Calculate k(-13).
-341
Let p(r) = 2*r**3 - 322*r**2 - 317*r - 1182. What is p(162)?
-48
Let v(a) = 3660*a - 163096. Determine v(45).
1604
Let z(s) = -s**3 + 22*s**2 - 94*s + 860. Determine z(11).
1157
Let o(c) = -130*c**2 + 669*c - 41. Calculate o(5).
54
Let i(j) = 516*j + 13951. What is i(-28)?
-497
Let p(u) = 658*u - 29867. Give p(46).
401
Let q(s) = -6*s**2 - 866*s - 7469. Determine q(-135).
91
Let a(l) = -21*l**2 - 52618*l - 52612. What is a(-1)?
-15
Let z(n) = 5*n**3 - 126*n**2 - 69*n. Give z(0).
0
Let y(w) = -261526*w - 1569004. What is y(-6)?
152
Let p(w) = -20760*w - 41530. Give p(-2).
-10
Let g(z) = -2*z**2 + 40*z - 301. Give g(18).
-229
Let q(b) = 2*b**2 + 1055*b + 22534. Give q(-506).
776
Let v(k) = 2468*k - 138201. What is v(56)?
7
Let x(p) = -11251*p - 1293860. Determine x(-115).
5
Let s(j) = -j**3 - 122*j**2 - 1977*j + 119. Calculate s(-22).
-4787
Let h(m) = -2*m**3 - 10*m**2 + 176*m + 47. What is h(7)?
103
Let m(a) = 3*a**2 - 5496*a + 71685. Give m(13).
744
Let b(n) = -414*n - 31398. Give b(-75).
-348
Let s(n) = -9*n**3 + 135*n**2 + 304*n + 41. Determine s(17).
7
Let n(o) = -o**3 - 74*o**2 + 41*o + 2674. What is n(-74)?
-360
Let b(f) = f**3 - 15*f**2 + 35*f - 105. Determine b(5).
-180
Let p(f) = 5*f**3 - 30*f**2 + 193*f - 1163. Determine p(6).
-5
Let c(q) = 3*q**3 + 162*q**2 - 836*q - 8113. What is c(-58)?
7
Let j(i) = i**3 + 317*i**2 - 1941*i + 33. Give j(6).
15
Let r(h) = 206*h**2 + 84*h - 8. What is r(-1)?
114
Let o(x) = x**3 + 163*x**2 + 497*x + 28200. What is o(-161)?
25
Let n(o) = -98220*o + 7071821. Determine n(72).
-19
Let s(g) = -693*g**2 + 50674*g - 6196. Calculate s(73).
9
Let l(f) = 33048*f - 198880. Determine l(6).
-592
Let t(q) = q**2 - 3150*q + 87420. Determine t(28).
4
Let b(o) = -50*o**2 + 1144*o - 49. What is b(23)?
-187
Let l(i) = -2*i**3 - 12*i**2 - 4388*i - 21927. Determine l(-5).
-37
Let d(k) = 4992*k + 79867. Calculate d(-16).
-5
Let q(u) = 5189*u + 23970. Calculate q(-4).
3214
Let v(g) = -g**2 + 2198*g - 146913. Calculate v(69).
-12
Let z(w) = -13*w**2 + 592*w + 3932. Calculate z(-6).
-88
Let x(d) = 8893406*d + 62253843. Give x(-7).
1
Let a(y) = y**2 + 38632*y + 1080944. Calculate a(-28).
32
Let g(f) = -f**3 + 25*f**2 + 471*f + 557. Give g(38).
-317
Let z(u) = 73*u**2 - 788*u - 10947. Give z(-8).
29
Let g(s) = 11*s**2 - 381*s - 1885. Give g(39).
-13
Let i(r) = -13*r**2 - 66*r + 996. What is i(6)?
132
Let r(c) = -2*c**3 - 5*c**2 + 211*c - 899. Determine r(6).
-245
Let k(z) = -z**3 + 56*z**2 - 7427*z + 405494. Determine k(55).
34
Let p(l) = -l**2 - 86*l + 29078. What is p(135)?
-757
Let n(i) = -i**3 - 269*i**2 - 698*i + 26595. Give n(-266).
-5
Let s(m) = -60*m**2 + 699*m - 1316. Determine s(9).
115
Let b(t) = 2*t**2 + 672*t - 50498. Determine b(63